 u(r) be the first derivative of 23*r - 3/2*r**2 - 11. What is the tens digit of u(-13)?
6
Let d = -82 - -164. Suppose -4*b + d - 58 = 0. What is the units digit of 4/b + (-3680)/(-24)?
4
Suppose -2*b = 8*d - 13*d - 29, 4*b - 5*d - 33 = 0. Let n(t) = -t**3 - 3*t**2 + 3*t - 5. Let h be n(-4). What is the units digit of 3 + 88 - (0 - h)*b?
9
Let k be 22/(-77) + (-61)/7. What is the hundreds digit of (-32672)/(-18) - 0 - (-1)/k?
8
Suppose 0 = 45*d - 927485 - 119403 - 653122. What is the tens digit of d?
7
Let u = 154124 + -105627. What is the units digit of u?
7
Let d be (18 + -9)*8/(-36)*-3. Let t = 169 + d. What is the tens digit of t?
7
Suppose 6*i = -18 + 30. Suppose i*j + c - 114 = 124, 0 = -4*j + 2*c + 468. What is the units digit of j?
8
Let g = -19977 - -32391. What is the tens digit of g?
1
Suppose 1034*m = 1037*m - 23127. What is the hundreds digit of m?
7
Let f = 47 + -29. Let p(b) = -2*b**3 + 7*b**2 + 45*b + 72. Let d be p(-9). Suppose f*g - 12*g - d = 0. What is the tens digit of g?
8
Let q(t) = 265*t**2 + 5*t + 11. Let i be q(-2). Suppose i = 3*y - 0*y - 5*l, 0 = 5*l + 20. What is the units digit of y?
7
Let s = 670 - 658. Let c(t) = t**3 - t**2 - 31*t + 34. What is the hundreds digit of c(s)?
2
Suppose -13*j - 208 = -1183. Suppose -j*u = -69*u - 9552. What is the thousands digit of u?
1
Let v(q) = q**2 - 2*q - 3. Let z be v(0). Let k be -6*((-1)/z + 5/(-6)). Suppose 2*x + k*o = 68, -2*o + 70 = -2*x + 4*x. What is the tens digit of x?
3
Let v = -20 + 15. Let s be v/(-2 - -12) + 18/4. Suppose p + 3*q - 162 = 0, -q + 621 = s*p + 2*q. What is the units digit of p?
3
Let t(m) = -m - 1. Let s(y) = -14. Let b(v) = -s(v) + t(v). Let r be b(10). What is the units digit of (-30)/45 + 56/r?
8
Suppose -1661 + 22419 = 43*j + 54*j. What is the units digit of j?
4
Let d be (18/36)/(1/10). Suppose 1598 = 3*f + 5*p, d*f + 3*p - 2797 + 155 = 0. What is the units digit of f?
6
Let w = 20 + -25. What is the units digit of 15944/40 + (-2)/w?
9
Suppose 2*h - 1709 = b, 0*b - 3*b = -9. Let g = -493 + h. What is the tens digit of g?
6
Let y(i) = -5 + 14 + 11 + 3*i. Let w be y(-4). Suppose w*r - 916 = -188. What is the units digit of r?
1
What is the ten thousands digit of 117466800/5610 - 3/(-17)?
2
Suppose 4*n + 4 + 11 = -l, l - 2*n + 45 = 0. Let h be 69*(l/15 - -3). Suppose -h - 14 = -5*j. What is the units digit of j?
2
Let m = -193 - -358. Let x be 2/10 + (-2540)/(-50) + -8. Suppose -s - 3*g = -x, -4*s - 3*g = 2*g - m. What is the tens digit of s?
4
Let j(n) = -895*n + 7990. What is the units digit of j(-54)?
0
Suppose 4*g + 4183 = p + 6*g, 3*p - 5*g = 12516. What is the tens digit of p?
7
Let d(n) be the first derivative of -n**2 + 25*n + 19. Let x be d(12). Let r = x - -13. What is the units digit of r?
4
Let a(o) be the first derivative of -o**4/4 + 2*o**3/3 + 3*o**2/2 + 84*o - 149. What is the units digit of a(0)?
4
Let p(g) = 5*g**3 + 2*g**2 + 17*g + 3. Let i(q) = q**3 - q**2 + q + 1. Let s(h) = 6*i(h) - p(h). Let l be s(9). What is the tens digit of 2/((-10)/l) + 17*16?
7
Let r = 263 - 173. Let l = 154 - r. What is the units digit of l?
4
Suppose -11*b - 39*b + 261098 = -337752. What is the hundreds digit of b?
9
Let u = 1239 - -74. Let o = u - 727. What is the units digit of o?
6
Suppose -53*v = 30 - 242. Suppose 2*o = -5*i + 3*o + 4918, -v*o + 971 = i. What is the hundreds digit of i?
9
Let m(t) = -2*t**3 - 2*t**2 + 5*t - 8. Suppose -4*y + 11 = -o + 2, 3*y - 23 = 4*o. What is the tens digit of m(o)?
6
What is the thousands digit of (0 + -52 + 0)*12921/(-236)?
2
Suppose 46170 + 9380 = 10*l. What is the hundreds digit of l?
5
What is the tens digit of 4660 + -6 + (-2 - -7) + -7?
5
Let f = 2992 + 416. What is the tens digit of f?
0
Let d(t) = 10*t - 45. Let s be d(5). Let h(c) = 155*c + 118. What is the tens digit of h(s)?
9
What is the units digit of (-8077437)/915*5/6*-2?
3
Let m(y) = 1475*y**3 - 5*y**2 + 30*y - 39. What is the hundreds digit of m(2)?
8
Let i = -28 + 34. What is the hundreds digit of i/(-16) + (-259324)/(-416)?
6
Suppose 9*q - 4*y - 25172 = 5*q, -2*q + 12571 = -5*y. What is the tens digit of q?
9
Let u(v) = -159*v - 71. Let f be u(1). Suppose 0 = g + g - 972. Let x = f + g. What is the hundreds digit of x?
2
Let w be (-5130)/99 - -5 - 4/22. Suppose -3*o + 5*j = 3*j + 391, 0 = -o - 5*j - 119. Let i = w - o. What is the units digit of i?
2
Let j be (-4 - (1 - 3)) + 7. Let l(y) = 0 - 16*y - 2 - 1 + j. What is the tens digit of l(-4)?
6
Let i(x) = 47*x - 31. What is the units digit of i(3)?
0
Suppose 0 = 4*n - 672 - 644. Let d = 561 - n. What is the tens digit of d?
3
Suppose 2*c = t + 18901, 47233 = 111*c - 106*c + 4*t. What is the hundreds digit of c?
4
Suppose 4*f - 4 = 8. Let t = 922 - 820. Suppose -t = -f*o - 0*o. What is the tens digit of o?
3
Let n(a) = -3*a**3 + a + 1. Let p be n(-1). What is the units digit of (p + -109)/1*-1?
6
Suppose -4*u = -4*j - 164, -3*j = -5*u + 64 + 141. Let x = 236 + u. What is the units digit of x?
7
Let d(m) = -5*m**2 + 9*m + 3. Suppose 0 = -5*x - x + 42. Let f(a) = -9*a**2 + 19*a + 6. Let b(n) = x*d(n) - 4*f(n). What is the tens digit of b(14)?
1
Let l(s) = -2*s**3 + 19*s**2 + 2*s - 36. Let z(j) = 2*j - 15. Let v be z(12). What is the units digit of l(v)?
3
Let k(a) = 2*a**2 + a - 2. Let r = 39 + -41. What is the units digit of k(r)?
4
Suppose -3*p + 43 = -3*v + 1, p + v = 18. Let s(a) = a**3 - 16*a**2 + 3. Let y be s(p). Suppose 15 = y*q - 300. What is the units digit of q?
5
Let b be 5140/28 + 4/(-7). Let c(j) = j**3 - 13*j**2 + 14*j - 21. Let o be c(12). Suppose -5*k - 149 = -3*w + 34, -o*w - 5*k = -b. What is the tens digit of w?
6
Let j = -128 - -228. Let w(r) = -r**3 - 21*r**2 - 18*r + 45. Let u be w(-20). Suppose 3*c - 5*y = -3*y + j, y = -u. What is the tens digit of c?
3
Let v(r) = 2233*r - 1920. What is the hundreds digit of v(17)?
0
Let w(n) = -5*n + 16. Let f be w(2). Suppose -f*p + 1577 + 541 = 0. What is the units digit of p?
3
Let l(z) = -1902*z + 3503. What is the thousands digit of l(-18)?
7
Suppose 5 = -3*z + 5*x + 1, -3*x = -5*z + 4. Suppose 17 = q - 4*a, -3*a = q - z*a - 7. Let r = 10 - q. What is the units digit of r?
1
Let x = -21 - -26. Let t be -20*(0 + 3*6/x). What is the units digit of t/(2*(-12)/32)?
6
Let i be ((-780)/(-20))/(3/(-26)). Let a = -254 - i. What is the units digit of a?
4
Let d(n) = 157*n**2 - 2*n - 1. Suppose 2*r - r = 2*w + 13, 2*r = -w + 16. Suppose r = c + 8. What is the units digit of d(c)?
4
Suppose -118444 = -5*v + 3*q, -2*v - 5*q = -7*v + 118440. What is the thousands digit of v?
3
Let w(j) = -2*j + 982 - 2*j + 6*j + 4*j - 1004. Suppose 4*g = -g + 85. What is the tens digit of w(g)?
8
Let q be -1*(7 + -14 + 3). Suppose s + 2*v - 811 = 0, 1857 + 2212 = 5*s - q*v. What is the hundreds digit of s?
8
Let s(a) = a + 1551. What is the tens digit of s(10)?
6
Let w = -1366 - 844. What is the hundreds digit of (w/(-15))/((-6)/(-9))?
2
Let d(n) = 5*n**2 + 10*n + 13. Let c(z) = 10*z + 0*z - 403*z**2 + 12 + 2 + 407*z**2. Let u(h) = -4*c(h) + 3*d(h). What is the units digit of u(-5)?
8
Let m(f) = -f**2 - 27*f - 90. Let z be m(-24). Let g = z + 464. What is the tens digit of g?
4
Let y be (88/66)/((-2)/(-6)). Suppose -2*d = -y*b - 222, 0 = d - 3*b - 13 - 102. What is the units digit of d?
3
Suppose -1293186 - 221226 = -236*g. What is the thousands digit of g?
6
Let d be 3/(-3 + 26/8). What is the tens digit of (-614)/(-14) - d/14?
4
Suppose 0 = -35*b + 81*b - 728502. What is the tens digit of b?
3
Let s(p) = 84*p**2 - 16*p + 54. What is the units digit of s(8)?
2
Let v(k) = -k**3 + 8*k**2 + 24*k - 40. Let z be v(10). Let h(j) = j**3 + 2*j**2 - 2*j + 75. What is the tens digit of h(z)?
7
Let p(m) = -45*m + 63*m + 19 - 23*m. Let j(u) = u**2 + 9*u + 2. Let d be j(-9). What is the units digit of p(d)?
9
Let b(g) = -7*g + 18. Let r(y) be the third derivative of -y**5/15 - 5*y**4/8 - y**3 - 2*y**2. Let i be r(-4). What is the tens digit of b(i)?
8
Let u(j) = 101*j**2 + 2*j + 8. Let i be u(2). Suppose 12 = 3*h, -2*s + i + 252 = 2*h. What is the hundreds digit of s?
3
Let q be 116/4 - (-1 + -1 + 1). Let l be (-12)/q + 2/((-10)/(-17)). What is the tens digit of (l - 1*(4 + 0))*-109?
0
Suppose 88 = -3*n - 5. Let p = -41 - n. What is the units digit of p/3*(-1584)/60